{"id":17,"date":"2024-07-28T13:33:18","date_gmt":"2024-07-28T13:33:18","guid":{"rendered":"https:\/\/aligalart.com\/?page_id=17"},"modified":"2024-10-07T13:50:21","modified_gmt":"2024-10-07T13:50:21","slug":"usluge","status":"publish","type":"page","link":"https:\/\/aligalart.com\/?page_id=17","title":{"rendered":"Usluge"},"content":{"rendered":"\t\t<div data-elementor-type=\"wp-page\" data-elementor-id=\"17\" class=\"elementor elementor-17\" data-elementor-post-type=\"page\">\n\t\t\t\t<div class=\"elementor-element elementor-element-8a44a05 e-flex e-con-boxed e-con e-parent\" data-id=\"8a44a05\" data-element_type=\"container\">\n\t\t\t\t\t<div class=\"e-con-inner\">\n\t\t\t\t<div class=\"elementor-element elementor-element-80835c3 elementor-widget elementor-widget-heading\" data-id=\"80835c3\" data-element_type=\"widget\" data-widget_type=\"heading.default\">\n\t\t\t\t<div class=\"elementor-widget-container\">\n\t\t\t<h2 class=\"elementor-heading-title elementor-size-default\">USLUGE KOJE PRU\u017dAMO U  ALIGAL ART<\/h2>\t\t<\/div>\n\t\t\t\t<\/div>\n\t\t\t\t<div class=\"elementor-element elementor-element-922b3ca elementor-widget elementor-widget-menu-anchor\" data-id=\"922b3ca\" data-element_type=\"widget\" data-widget_type=\"menu-anchor.default\">\n\t\t\t\t<div class=\"elementor-widget-container\">\n\t\t\t\t\t<div class=\"elementor-menu-anchor\" id=\"POCETAK\"><\/div>\n\t\t\t\t<\/div>\n\t\t\t\t<\/div>\n\t\t\t\t\t<\/div>\n\t\t\t\t<\/div>\n\t\t<div class=\"elementor-element elementor-element-42f9a02 e-flex e-con-boxed e-con e-parent\" data-id=\"42f9a02\" data-element_type=\"container\" data-settings=\"{&quot;background_background&quot;:&quot;classic&quot;}\">\n\t\t\t\t\t<div class=\"e-con-inner\">\n\t\t<a class=\"elementor-element elementor-element-7c59f2c e-con-full e-flex e-con e-child\" data-id=\"7c59f2c\" data-element_type=\"container\" data-settings=\"{&quot;motion_fx_motion_fx_scrolling&quot;:&quot;yes&quot;,&quot;motion_fx_devices&quot;:[&quot;desktop&quot;,&quot;tablet&quot;,&quot;mobile&quot;]}\" href=\"https:\/\/aligalart.com\/?page_id=25\">\n\t\t\t\t<div class=\"elementor-element elementor-element-b9494ff elementor-widget__width-initial elementor-widget elementor-widget-heading\" data-id=\"b9494ff\" data-element_type=\"widget\" data-widget_type=\"heading.default\">\n\t\t\t\t<div class=\"elementor-widget-container\">\n\t\t\t<h2 class=\"elementor-heading-title elementor-size-default\">KUHINJE PO MERI<\/h2>\t\t<\/div>\n\t\t\t\t<\/div>\n\t\t\t\t<div class=\"elementor-element elementor-element-ffe01e7 elementor-widget__width-initial elementor-widget elementor-widget-text-editor\" data-id=\"ffe01e7\" data-element_type=\"widget\" data-widget_type=\"text-editor.default\">\n\t\t\t\t<div class=\"elementor-widget-container\">\n\t\t\t\t\t\t\t<p>Na\u0161e kuhinje po meri su pa\u017eljivo izra\u0111ene kako bi se savr\u0161eno uklopile u va\u0161 prostor i ispunile sve va\u0161e potrebe. Bez obzira na stil ili veli\u010dinu, na\u0161 tim \u0107e vam pomo\u0107i da kreirate funkcionalnu i estetski privla\u010dnu kuhinju iz snova. Kliknite ovde da saznate vi\u0161e o mogu\u0107nostima dizajna, materijalima i procesu izrade.<\/p>\t\t\t\t\t\t<\/div>\n\t\t\t\t<\/div>\n\t\t\t\t<\/a>\n\t\t<div class=\"elementor-element elementor-element-812cb18 e-con-full e-flex e-con e-child\" data-id=\"812cb18\" data-element_type=\"container\">\n\t\t\t\t<div class=\"elementor-element elementor-element-e4af6b3 elementor-widget elementor-widget-image\" data-id=\"e4af6b3\" data-element_type=\"widget\" data-settings=\"{&quot;motion_fx_motion_fx_scrolling&quot;:&quot;yes&quot;,&quot;motion_fx_devices&quot;:[&quot;desktop&quot;,&quot;tablet&quot;,&quot;mobile&quot;]}\" data-widget_type=\"image.default\">\n\t\t\t\t<div class=\"elementor-widget-container\">\n\t\t\t\t\t\t\t\t\t\t\t\t\t\t<a href=\"https:\/\/aligalart.com\/?page_id=25\">\n\t\t\t\t\t\t\t<img fetchpriority=\"high\" decoding=\"async\" width=\"800\" height=\"600\" src=\"https:\/\/aligalart.com\/wp-content\/uploads\/2024\/08\/IMG_20170714_112329-1024x768.jpg\" class=\"attachment-large size-large wp-image-932\" alt=\"\" srcset=\"https:\/\/aligalart.com\/wp-content\/uploads\/2024\/08\/IMG_20170714_112329-1024x768.jpg 1024w, https:\/\/aligalart.com\/wp-content\/uploads\/2024\/08\/IMG_20170714_112329-300x225.jpg 300w, https:\/\/aligalart.com\/wp-content\/uploads\/2024\/08\/IMG_20170714_112329-768x576.jpg 768w, https:\/\/aligalart.com\/wp-content\/uploads\/2024\/08\/IMG_20170714_112329-1536x1152.jpg 1536w, https:\/\/aligalart.com\/wp-content\/uploads\/2024\/08\/IMG_20170714_112329-2048x1536.jpg 2048w\" sizes=\"(max-width: 800px) 100vw, 800px\" \/>\t\t\t\t\t\t\t\t<\/a>\n\t\t\t\t\t\t\t\t\t\t\t\t\t<\/div>\n\t\t\t\t<\/div>\n\t\t\t\t<\/div>\n\t\t\t\t\t<\/div>\n\t\t\t\t<\/div>\n\t\t<div class=\"elementor-element elementor-element-a27efee e-flex e-con-boxed e-con e-parent\" data-id=\"a27efee\" data-element_type=\"container\" data-settings=\"{&quot;background_background&quot;:&quot;classic&quot;}\">\n\t\t\t\t\t<div class=\"e-con-inner\">\n\t\t<div class=\"elementor-element elementor-element-1062509 e-con-full e-flex e-con e-child\" data-id=\"1062509\" data-element_type=\"container\">\n\t\t\t\t<div class=\"elementor-element elementor-element-387fd71 elementor-widget elementor-widget-image\" data-id=\"387fd71\" data-element_type=\"widget\" data-widget_type=\"image.default\">\n\t\t\t\t<div class=\"elementor-widget-container\">\n\t\t\t\t\t\t\t\t\t\t\t\t\t\t<a href=\"https:\/\/aligalart.com\/?page_id=23\">\n\t\t\t\t\t\t\t<img decoding=\"async\" width=\"800\" height=\"531\" src=\"https:\/\/aligalart.com\/wp-content\/uploads\/2024\/08\/DSC0129-1024x680.jpg\" class=\"attachment-large size-large wp-image-934\" alt=\"\" srcset=\"https:\/\/aligalart.com\/wp-content\/uploads\/2024\/08\/DSC0129-1024x680.jpg 1024w, https:\/\/aligalart.com\/wp-content\/uploads\/2024\/08\/DSC0129-300x199.jpg 300w, https:\/\/aligalart.com\/wp-content\/uploads\/2024\/08\/DSC0129-768x510.jpg 768w, https:\/\/aligalart.com\/wp-content\/uploads\/2024\/08\/DSC0129-1536x1020.jpg 1536w, https:\/\/aligalart.com\/wp-content\/uploads\/2024\/08\/DSC0129-2048x1360.jpg 2048w\" sizes=\"(max-width: 800px) 100vw, 800px\" \/>\t\t\t\t\t\t\t\t<\/a>\n\t\t\t\t\t\t\t\t\t\t\t\t\t<\/div>\n\t\t\t\t<\/div>\n\t\t\t\t<\/div>\n\t\t<a class=\"elementor-element elementor-element-1fcc906 e-con-full e-flex e-con e-child\" data-id=\"1fcc906\" data-element_type=\"container\" href=\"https:\/\/aligalart.com\/?page_id=23\">\n\t\t\t\t<div class=\"elementor-element elementor-element-13ac0c6 elementor-widget__width-initial elementor-widget elementor-widget-heading\" data-id=\"13ac0c6\" data-element_type=\"widget\" data-widget_type=\"heading.default\">\n\t\t\t\t<div class=\"elementor-widget-container\">\n\t\t\t<h2 class=\"elementor-heading-title elementor-size-default\">KERROCK PROGRAM<\/h2>\t\t<\/div>\n\t\t\t\t<\/div>\n\t\t\t\t<div class=\"elementor-element elementor-element-209c8c5 elementor-widget__width-initial elementor-widget elementor-widget-text-editor\" data-id=\"209c8c5\" data-element_type=\"widget\" data-widget_type=\"text-editor.default\">\n\t\t\t\t<div class=\"elementor-widget-container\">\n\t\t\t\t\t\t\t<p>Kerrock je vrhunski kompozitni materijal koji nudi neograni\u010dene mogu\u0107nosti za izradu radnih plo\u010da, sudopera, pultova i drugih elemenata. Njegova izuzetna izdr\u017eljivost i elegantan izgled \u010dine ga idealnim izborom za svaki enterijer. Otkrijte vi\u0161e o Kerrock programu i na\u010dinu na koji mo\u017ee transformisati va\u0161 prostor.<\/p>\t\t\t\t\t\t<\/div>\n\t\t\t\t<\/div>\n\t\t\t\t<\/a>\n\t\t\t\t\t<\/div>\n\t\t\t\t<\/div>\n\t\t<div class=\"elementor-element elementor-element-08a6fe1 e-flex e-con-boxed e-con e-parent\" data-id=\"08a6fe1\" data-element_type=\"container\">\n\t\t\t\t\t<div class=\"e-con-inner\">\n\t\t<a class=\"elementor-element elementor-element-d5d3a27 e-con-full e-flex e-con e-child\" data-id=\"d5d3a27\" data-element_type=\"container\" href=\"https:\/\/aligalart.com\/?page_id=23\">\n\t\t\t\t<div class=\"elementor-element elementor-element-931c029 elementor-widget elementor-widget-heading\" data-id=\"931c029\" data-element_type=\"widget\" data-widget_type=\"heading.default\">\n\t\t\t\t<div class=\"elementor-widget-container\">\n\t\t\t<h2 class=\"elementor-heading-title elementor-size-default\">STOLARSKI PROGRAM<\/h2>\t\t<\/div>\n\t\t\t\t<\/div>\n\t\t\t\t<div class=\"elementor-element elementor-element-beeb5ff elementor-widget__width-initial elementor-widget elementor-widget-text-editor\" data-id=\"beeb5ff\" data-element_type=\"widget\" data-widget_type=\"text-editor.default\">\n\t\t\t\t<div class=\"elementor-widget-container\">\n\t\t\t\t\t\t\t<p>U na\u0161em stolarskom programu nudimo visokokvalitetne drvene elemente za va\u0161 dom ili poslovni prostor. Bilo da je re\u010d o name\u0161taju, unutra\u0161njim vratima ili dekorativnim detaljima, na\u0161i stolarski proizvodi su dizajnirani da traju i dodaju toplinu svakom prostoru. Posetite na\u0161u stranicu za detalje o uslugama i mogu\u0107nostima prilago\u0111avanja.<\/p>\t\t\t\t\t\t<\/div>\n\t\t\t\t<\/div>\n\t\t\t\t<\/a>\n\t\t<div class=\"elementor-element elementor-element-09d8224 e-con-full e-flex e-con e-child\" data-id=\"09d8224\" data-element_type=\"container\">\n\t\t\t\t<div class=\"elementor-element elementor-element-2b7c1f3 elementor-widget elementor-widget-image\" data-id=\"2b7c1f3\" data-element_type=\"widget\" data-widget_type=\"image.default\">\n\t\t\t\t<div class=\"elementor-widget-container\">\n\t\t\t\t\t\t\t\t\t\t\t\t\t\t<a href=\"https:\/\/aligalart.com\/?page_id=23\">\n\t\t\t\t\t\t\t<img decoding=\"async\" width=\"800\" height=\"522\" src=\"https:\/\/aligalart.com\/wp-content\/uploads\/2024\/08\/pexels-fotoaibe-1571459-1024x668.jpg\" class=\"attachment-large size-large wp-image-938\" alt=\"\" srcset=\"https:\/\/aligalart.com\/wp-content\/uploads\/2024\/08\/pexels-fotoaibe-1571459-1024x668.jpg 1024w, https:\/\/aligalart.com\/wp-content\/uploads\/2024\/08\/pexels-fotoaibe-1571459-300x196.jpg 300w, https:\/\/aligalart.com\/wp-content\/uploads\/2024\/08\/pexels-fotoaibe-1571459-768x501.jpg 768w, https:\/\/aligalart.com\/wp-content\/uploads\/2024\/08\/pexels-fotoaibe-1571459-1536x1002.jpg 1536w, https:\/\/aligalart.com\/wp-content\/uploads\/2024\/08\/pexels-fotoaibe-1571459-2048x1337.jpg 2048w\" sizes=\"(max-width: 800px) 100vw, 800px\" \/>\t\t\t\t\t\t\t\t<\/a>\n\t\t\t\t\t\t\t\t\t\t\t\t\t<\/div>\n\t\t\t\t<\/div>\n\t\t\t\t<\/div>\n\t\t\t\t\t<\/div>\n\t\t\t\t<\/div>\n\t\t<div class=\"elementor-element elementor-element-b295d25 e-flex e-con-boxed e-con e-parent\" data-id=\"b295d25\" data-element_type=\"container\" data-settings=\"{&quot;background_background&quot;:&quot;classic&quot;}\">\n\t\t\t\t\t<div class=\"e-con-inner\">\n\t\t<div class=\"elementor-element elementor-element-9c64d47 e-con-full e-flex e-con e-child\" data-id=\"9c64d47\" data-element_type=\"container\">\n\t\t\t\t<div class=\"elementor-element elementor-element-6b470de elementor-widget elementor-widget-image\" data-id=\"6b470de\" data-element_type=\"widget\" data-widget_type=\"image.default\">\n\t\t\t\t<div class=\"elementor-widget-container\">\n\t\t\t\t\t\t\t\t\t\t\t\t\t\t<a href=\"https:\/\/aligalart.com\/?page_id=27\">\n\t\t\t\t\t\t\t<img loading=\"lazy\" decoding=\"async\" width=\"800\" height=\"534\" src=\"https:\/\/aligalart.com\/wp-content\/uploads\/2024\/08\/27-1024x683.jpg\" class=\"attachment-large size-large wp-image-940\" alt=\"\" srcset=\"https:\/\/aligalart.com\/wp-content\/uploads\/2024\/08\/27-1024x683.jpg 1024w, https:\/\/aligalart.com\/wp-content\/uploads\/2024\/08\/27-300x200.jpg 300w, https:\/\/aligalart.com\/wp-content\/uploads\/2024\/08\/27-768x512.jpg 768w, https:\/\/aligalart.com\/wp-content\/uploads\/2024\/08\/27-1536x1025.jpg 1536w, https:\/\/aligalart.com\/wp-content\/uploads\/2024\/08\/27.jpg 1920w\" sizes=\"(max-width: 800px) 100vw, 800px\" \/>\t\t\t\t\t\t\t\t<\/a>\n\t\t\t\t\t\t\t\t\t\t\t\t\t<\/div>\n\t\t\t\t<\/div>\n\t\t\t\t<\/div>\n\t\t<a class=\"elementor-element elementor-element-1adf4c3 e-con-full e-flex e-con e-child\" data-id=\"1adf4c3\" data-element_type=\"container\" href=\"https:\/\/aligalart.com\/?page_id=27\">\n\t\t\t\t<div class=\"elementor-element elementor-element-a6636c1 elementor-widget elementor-widget-heading\" data-id=\"a6636c1\" data-element_type=\"widget\" data-widget_type=\"heading.default\">\n\t\t\t\t<div class=\"elementor-widget-container\">\n\t\t\t<h2 class=\"elementor-heading-title elementor-size-default\">PLAKARI PO MERI<\/h2>\t\t<\/div>\n\t\t\t\t<\/div>\n\t\t\t\t<div class=\"elementor-element elementor-element-02bb897 elementor-widget__width-initial elementor-widget elementor-widget-text-editor\" data-id=\"02bb897\" data-element_type=\"widget\" data-widget_type=\"text-editor.default\">\n\t\t\t\t<div class=\"elementor-widget-container\">\n\t\t\t\t\t\t\t<p>Plakari po meri omogu\u0107avaju maksimalno iskori\u0161\u0107enje prostora uz moderan i funkcionalan dizajn. Bez obzira na to da li vam je potreban ugradni plakar, garderober ili klasi\u010dni ormar, na\u0161i plakari su izra\u0111eni sa posebnom pa\u017enjom na detalje i kvalitet. Saznajte vi\u0161e o opcijama dizajna i materijalima koje nudimo.<\/p>\t\t\t\t\t\t<\/div>\n\t\t\t\t<\/div>\n\t\t\t\t<\/a>\n\t\t\t\t\t<\/div>\n\t\t\t\t<\/div>\n\t\t<div class=\"elementor-element elementor-element-83dde31 e-flex e-con-boxed e-con e-parent\" data-id=\"83dde31\" data-element_type=\"container\">\n\t\t\t\t\t<div class=\"e-con-inner\">\n\t\t<a class=\"elementor-element elementor-element-b42396a e-con-full e-flex e-con e-child\" data-id=\"b42396a\" data-element_type=\"container\" href=\"https:\/\/aligalart.com\/?page_id=21\">\n\t\t\t\t<div class=\"elementor-element elementor-element-6cb1e8b elementor-widget elementor-widget-heading\" data-id=\"6cb1e8b\" data-element_type=\"widget\" data-widget_type=\"heading.default\">\n\t\t\t\t<div class=\"elementor-widget-container\">\n\t\t\t<h2 class=\"elementor-heading-title elementor-size-default\">DIZAJN ENTERIJERA<\/h2>\t\t<\/div>\n\t\t\t\t<\/div>\n\t\t\t\t<div class=\"elementor-element elementor-element-dcff440 elementor-widget__width-initial elementor-widget elementor-widget-text-editor\" data-id=\"dcff440\" data-element_type=\"widget\" data-widget_type=\"text-editor.default\">\n\t\t\t\t<div class=\"elementor-widget-container\">\n\t\t\t\t\t\t\t<p>Na\u0161 tim stru\u010dnjaka za dizajn enterijera radi s vama kako bi kreirao prostor koji odra\u017eava va\u0161 stil i potrebe. Bilo da renovirate jedan prostor ili opremate ceo dom, mi pru\u017eamo sveobuhvatne usluge dizajna, od koncepta do realizacije. Kliknite ovde da saznate vi\u0161e o na\u0161em pristupu i dosada\u0161njim projektima.<\/p>\t\t\t\t\t\t<\/div>\n\t\t\t\t<\/div>\n\t\t\t\t<\/a>\n\t\t<div class=\"elementor-element elementor-element-2a8ca73 e-con-full e-flex e-con e-child\" data-id=\"2a8ca73\" data-element_type=\"container\">\n\t\t\t\t<div class=\"elementor-element elementor-element-a9aa0ab elementor-widget elementor-widget-image\" data-id=\"a9aa0ab\" data-element_type=\"widget\" data-widget_type=\"image.default\">\n\t\t\t\t<div class=\"elementor-widget-container\">\n\t\t\t\t\t\t\t\t\t\t\t\t\t\t<a href=\"https:\/\/aligalart.com\/?page_id=21\">\n\t\t\t\t\t\t\t<img loading=\"lazy\" decoding=\"async\" width=\"800\" height=\"514\" src=\"https:\/\/aligalart.com\/wp-content\/uploads\/2024\/08\/dizajn-enterijera-1024x658.jpg\" class=\"attachment-large size-large wp-image-939\" alt=\"\" srcset=\"https:\/\/aligalart.com\/wp-content\/uploads\/2024\/08\/dizajn-enterijera-1024x658.jpg 1024w, https:\/\/aligalart.com\/wp-content\/uploads\/2024\/08\/dizajn-enterijera-300x193.jpg 300w, https:\/\/aligalart.com\/wp-content\/uploads\/2024\/08\/dizajn-enterijera-768x494.jpg 768w, https:\/\/aligalart.com\/wp-content\/uploads\/2024\/08\/dizajn-enterijera-1536x988.jpg 1536w, https:\/\/aligalart.com\/wp-content\/uploads\/2024\/08\/dizajn-enterijera-2048x1317.jpg 2048w\" sizes=\"(max-width: 800px) 100vw, 800px\" \/>\t\t\t\t\t\t\t\t<\/a>\n\t\t\t\t\t\t\t\t\t\t\t\t\t<\/div>\n\t\t\t\t<\/div>\n\t\t\t\t<\/div>\n\t\t\t\t\t<\/div>\n\t\t\t\t<\/div>\n\t\t<div class=\"elementor-element elementor-element-c9952b0 e-flex e-con-boxed e-con e-parent\" data-id=\"c9952b0\" data-element_type=\"container\" data-settings=\"{&quot;background_background&quot;:&quot;classic&quot;}\">\n\t\t\t\t\t<div class=\"e-con-inner\">\n\t\t<div class=\"elementor-element elementor-element-a04ed58 e-grid e-con-full e-con e-child\" data-id=\"a04ed58\" data-element_type=\"container\" data-settings=\"{&quot;animation&quot;:&quot;none&quot;}\">\n\t\t<a class=\"elementor-element elementor-element-2b210dc e-con-full e-flex elementor-invisible e-con e-child\" data-id=\"2b210dc\" data-element_type=\"container\" data-settings=\"{&quot;animation&quot;:&quot;bounceIn&quot;}\" href=\"tel:+3816300011\">\n\t\t\t\t<div class=\"elementor-element elementor-element-d3db06b elementor-view-default elementor-widget elementor-widget-icon\" data-id=\"d3db06b\" data-element_type=\"widget\" data-widget_type=\"icon.default\">\n\t\t\t\t<div class=\"elementor-widget-container\">\n\t\t\t\t\t<div class=\"elementor-icon-wrapper\">\n\t\t\t<div class=\"elementor-icon\">\n\t\t\t<svg aria-hidden=\"true\" class=\"e-font-icon-svg e-fas-phone\" viewBox=\"0 0 512 512\" xmlns=\"http:\/\/www.w3.org\/2000\/svg\"><path d=\"M493.4 24.6l-104-24c-11.3-2.6-22.9 3.3-27.5 13.9l-48 112c-4.2 9.8-1.4 21.3 6.9 28l60.6 49.6c-36 76.7-98.9 140.5-177.2 177.2l-49.6-60.6c-6.8-8.3-18.2-11.1-28-6.9l-112 48C3.9 366.5-2 378.1.6 389.4l24 104C27.1 504.2 36.7 512 48 512c256.1 0 464-207.5 464-464 0-11.2-7.7-20.9-18.6-23.4z\"><\/path><\/svg>\t\t\t<\/div>\n\t\t<\/div>\n\t\t\t\t<\/div>\n\t\t\t\t<\/div>\n\t\t\t\t<div class=\"elementor-element elementor-element-b6973e9 elementor-widget elementor-widget-text-editor\" data-id=\"b6973e9\" data-element_type=\"widget\" data-widget_type=\"text-editor.default\">\n\t\t\t\t<div class=\"elementor-widget-container\">\n\t\t\t\t\t\t\t<p>POZOVI ZA IZLAZAK I KONSULTACIJU<\/p>\t\t\t\t\t\t<\/div>\n\t\t\t\t<\/div>\n\t\t\t\t<\/a>\n\t\t<a class=\"elementor-element elementor-element-6b37d61 e-con-full e-flex elementor-invisible e-con e-child\" data-id=\"6b37d61\" data-element_type=\"container\" data-settings=\"{&quot;animation&quot;:&quot;bounceIn&quot;}\" href=\"#POCETAK\">\n\t\t\t\t<div class=\"elementor-element elementor-element-40a07b3 elementor-view-default elementor-widget elementor-widget-icon\" data-id=\"40a07b3\" data-element_type=\"widget\" data-widget_type=\"icon.default\">\n\t\t\t\t<div class=\"elementor-widget-container\">\n\t\t\t\t\t<div class=\"elementor-icon-wrapper\">\n\t\t\t<div class=\"elementor-icon\">\n\t\t\t<svg aria-hidden=\"true\" class=\"e-font-icon-svg e-fas-shield-alt\" viewBox=\"0 0 512 512\" xmlns=\"http:\/\/www.w3.org\/2000\/svg\"><path d=\"M466.5 83.7l-192-80a48.15 48.15 0 0 0-36.9 0l-192 80C27.7 91.1 16 108.6 16 128c0 198.5 114.5 335.7 221.5 380.3 11.8 4.9 25.1 4.9 36.9 0C360.1 472.6 496 349.3 496 128c0-19.4-11.7-36.9-29.5-44.3zM256.1 446.3l-.1-381 175.9 73.3c-3.3 151.4-82.1 261.1-175.8 307.7z\"><\/path><\/svg>\t\t\t<\/div>\n\t\t<\/div>\n\t\t\t\t<\/div>\n\t\t\t\t<\/div>\n\t\t\t\t<div class=\"elementor-element elementor-element-a3d1a91 elementor-widget elementor-widget-text-editor\" data-id=\"a3d1a91\" data-element_type=\"widget\" data-widget_type=\"text-editor.default\">\n\t\t\t\t<div class=\"elementor-widget-container\">\n\t\t\t\t\t\t\t<p>PO\u010cETAK STRANICE<\/p>\t\t\t\t\t\t<\/div>\n\t\t\t\t<\/div>\n\t\t\t\t<\/a>\n\t\t<a class=\"elementor-element elementor-element-b4b694a e-con-full e-flex elementor-invisible e-con e-child\" data-id=\"b4b694a\" data-element_type=\"container\" data-settings=\"{&quot;animation&quot;:&quot;bounceIn&quot;}\" href=\"https:\/\/aligalart.com\/?page_id=21\">\n\t\t\t\t<div class=\"elementor-element elementor-element-078e8a2 elementor-view-default elementor-widget elementor-widget-icon\" data-id=\"078e8a2\" data-element_type=\"widget\" data-widget_type=\"icon.default\">\n\t\t\t\t<div class=\"elementor-widget-container\">\n\t\t\t\t\t<div class=\"elementor-icon-wrapper\">\n\t\t\t<div class=\"elementor-icon\">\n\t\t\t<svg aria-hidden=\"true\" class=\"e-font-icon-svg e-fas-desktop\" viewBox=\"0 0 576 512\" xmlns=\"http:\/\/www.w3.org\/2000\/svg\"><path d=\"M528 0H48C21.5 0 0 21.5 0 48v320c0 26.5 21.5 48 48 48h192l-16 48h-72c-13.3 0-24 10.7-24 24s10.7 24 24 24h272c13.3 0 24-10.7 24-24s-10.7-24-24-24h-72l-16-48h192c26.5 0 48-21.5 48-48V48c0-26.5-21.5-48-48-48zm-16 352H64V64h448v288z\"><\/path><\/svg>\t\t\t<\/div>\n\t\t<\/div>\n\t\t\t\t<\/div>\n\t\t\t\t<\/div>\n\t\t\t\t<div class=\"elementor-element elementor-element-61ec99a elementor-widget elementor-widget-text-editor\" data-id=\"61ec99a\" data-element_type=\"widget\" data-widget_type=\"text-editor.default\">\n\t\t\t\t<div class=\"elementor-widget-container\">\n\t\t\t\t\t\t\t<p>PROJEKTIVANJE I DIZAJN<\/p>\t\t\t\t\t\t<\/div>\n\t\t\t\t<\/div>\n\t\t\t\t<\/a>\n\t\t\t\t<\/div>\n\t\t\t\t\t<\/div>\n\t\t\t\t<\/div>\n\t\t\t\t<\/div>\n\t\t","protected":false},"excerpt":{"rendered":"<p>USLUGE KOJE PRU\u017dAMO U ALIGAL ART KUHINJE PO MERI Na\u0161e kuhinje po meri su pa\u017eljivo izra\u0111ene kako bi se savr\u0161eno uklopile u va\u0161 prostor i ispunile sve va\u0161e potrebe. Bez obzira na stil ili veli\u010dinu, na\u0161 tim \u0107e vam pomo\u0107i da kreirate funkcionalnu i estetski privla\u010dnu kuhinju iz snova. Kliknite ovde da saznate vi\u0161e o [&hellip;]<\/p>\n","protected":false},"author":1,"featured_media":0,"parent":0,"menu_order":0,"comment_status":"closed","ping_status":"closed","template":"","meta":{"footnotes":""},"class_list":["post-17","page","type-page","status-publish","hentry"],"_links":{"self":[{"href":"https:\/\/aligalart.com\/index.php?rest_route=\/wp\/v2\/pages\/17","targetHints":{"allow":["GET"]}}],"collection":[{"href":"https:\/\/aligalart.com\/index.php?rest_route=\/wp\/v2\/pages"}],"about":[{"href":"https:\/\/aligalart.com\/index.php?rest_route=\/wp\/v2\/types\/page"}],"author":[{"embeddable":true,"href":"https:\/\/aligalart.com\/index.php?rest_route=\/wp\/v2\/users\/1"}],"replies":[{"embeddable":true,"href":"https:\/\/aligalart.com\/index.php?rest_route=%2Fwp%2Fv2%2Fcomments&post=17"}],"version-history":[{"count":136,"href":"https:\/\/aligalart.com\/index.php?rest_route=\/wp\/v2\/pages\/17\/revisions"}],"predecessor-version":[{"id":1844,"href":"https:\/\/aligalart.com\/index.php?rest_route=\/wp\/v2\/pages\/17\/revisions\/1844"}],"wp:attachment":[{"href":"https:\/\/aligalart.com\/index.php?rest_route=%2Fwp%2Fv2%2Fmedia&parent=17"}],"curies":[{"name":"wp","href":"https:\/\/api.w.org\/{rel}","templated":true}]}}